 = 5*w**2 + 3*w + 2. Let v be q(-5). What is the units digit of 2/5 + v/20?
6
Suppose 4*v - 16 = 2*r, 2*v = 4*v + r. What is the units digit of v?
2
Let g = -21 - -44. What is the units digit of g?
3
Let h(g) = g**2 - 10*g + 12. What is the tens digit of h(11)?
2
Suppose 0 = 5*u + 4*b - 153, -3*u = -b + 33 - 118. What is the units digit of u?
9
Let s(l) = 2*l + 1. Let t(r) = r**2 - 5*r + 6. Let q be t(4). Let w be s(q). Suppose -w*n = -17 - 18. What is the units digit of n?
7
Let n = 345 - 55. What is the units digit of n?
0
Suppose -4*p = -0*p - 40. What is the tens digit of p?
1
Suppose -2*h - 2 = -3*h. Suppose -7 = h*t + k, -3*k = -2*t - 0*t - 3. What is the units digit of (-1 + 2)*(-12)/t?
4
What is the tens digit of 35 + 2 - 4/(-4)?
3
What is the units digit of -4 - (248/(-1))/4?
8
Let h(x) = 4*x**2 + 5*x + 8. Let z(m) = m**2 + 1. Let t(c) = h(c) - 5*z(c). Let w(n) = -3*n - 1. Let r be w(-2). What is the units digit of t(r)?
3
Suppose -2*v - 228 = -3*v. What is the units digit of v?
8
Let j(x) = 15*x**3 - 2*x - 1. Let s be j(-1). Let c = -3 + -2. Let k = c - s. What is the units digit of k?
9
Let r = -11 + 42. What is the tens digit of r?
3
Let j(x) = 5*x**2 - 1 + x**2 + 3*x + 3. Let r be j(-2). Let w = r + 0. What is the units digit of w?
0
Suppose -m + 4*m - 576 = -5*d, 757 = 4*m + 3*d. What is the hundreds digit of m?
1
Let t(s) = -s**3 - 10*s**2 - 11*s + 5. What is the units digit of t(-9)?
3
Let r(x) = x**3 + x**2 + x + 19. What is the units digit of r(0)?
9
Let o(y) = 3*y + 30. What is the units digit of o(6)?
8
Suppose 3*j + 5 = j - p, 0 = j + 4*p + 6. Let d = 17 + j. What is the units digit of d?
5
Let i = -57 - -141. Suppose -4*j - i = 2*k - 286, 230 = 5*j - 5*k. What is the tens digit of j?
4
Suppose -4*k = -3*a + 34 - 11, -2 = k. Let x(f) = -3*f**2 - 3*f**2 - 3*f + 7*f**2. What is the units digit of x(a)?
0
What is the units digit of 1 + (54 - 4) + 0?
1
Suppose -g = g - 10. Suppose 5*h - 2*v - 58 = -5*v, -4*v = -g*h + 86. What is the units digit of h?
4
Suppose -17 = -4*f - 5. Suppose f*q - 5*q = -26. What is the tens digit of q?
1
Suppose 3*s + s = -52. Let o = s - -32. What is the units digit of o?
9
Let l(k) = 23*k**3 - k**2. What is the units digit of l(1)?
2
Suppose t - 3*t = 4*h - 852, -3*h = -t + 426. What is the tens digit of t?
2
Let m = 2 + 7. What is the units digit of 105/m*(-30)/(-25)?
4
Let u be (-8)/20 - (-44)/10. What is the units digit of 20 - (-2)/(u/(-6))?
7
Suppose 9 + 3 = 4*i. What is the units digit of i?
3
Let q = 14 + -10. Suppose -4*b - 48 = -4*z, q*z - 5*b - 36 - 11 = 0. What is the units digit of z?
3
Suppose -7*b + 111 = -4*b. What is the tens digit of b?
3
Suppose 5*b - 25 = 5*a, -a - 1 = 4. Suppose 2*g - 27 - 5 = b. What is the tens digit of g?
1
What is the tens digit of (1 - 25)/(3/(-12))?
9
Let j = 0 - 5. Let s(v) = -v**3 - 5*v**2 - 2*v - 5. Let a be s(j). Suppose 0 = -4*q - 8, 78 = a*k - 6*q + 2*q. What is the tens digit of k?
1
Suppose 2*h - 3*i = 814, 2*h - 4*i - 509 = 309. What is the hundreds digit of h?
4
What is the units digit of -2*(-7)/2 - 1?
6
Let k = 15 + -12. What is the units digit of 3 + 22 + (3 - k)?
5
Suppose -t = -2*t + 28. Suppose g = 3*g - t. What is the tens digit of g?
1
Let v be -1 + 2 + (-6)/(-3). Let m be 58/8 - v/12. Suppose 5*t - m = 3. What is the units digit of t?
2
Let c(r) = -r - 5. Let h(z) = z**2 - z + 13. Let k be h(0). Let s = 6 - k. What is the units digit of c(s)?
2
Suppose -2*o = -3*g + 3*o + 14, -4*o - 16 = 0. What is the tens digit of (-9)/18 + (-27)/g?
1
Let d(x) = x**2 - x - 2. Let g be d(2). Let f = g - -5. What is the units digit of f?
5
Suppose 5*t - 4 - 16 = 0. Suppose t*z - 34 = -5*o, -4 - 6 = 5*o. What is the units digit of z?
1
Suppose 0 = t - 2*o - 3*o - 25, 4*t + 5*o = 0. Suppose -t*g = -g - 4. What is the units digit of g?
1
Suppose -2*d = -4*d + 5*f + 25, 4*d = 3*f + 71. What is the tens digit of d?
2
Suppose 3*t + 8 = 68. What is the units digit of ((-3)/3)/((-4)/t)?
5
Let g be (-3)/6*4*-1. Suppose -70 = -g*v - 0*v. What is the units digit of v?
5
Let s(c) = 48*c - 1. What is the units digit of s(2)?
5
Let s(v) = -v**3 + 7*v**2 + 8. Let m be s(6). Suppose -5*x + 1 = -m. What is the units digit of x?
9
Let f(k) = -k + 2. Let o be -4*(2 + -2 - 8). Suppose -o = 3*u + u. What is the units digit of f(u)?
0
Let h be -2 + 2 + -3 + 85. Let r = 124 - h. What is the units digit of r?
2
Let q(l) = l**2 + 2*l - 6. Let u be q(-6). Let j = u + -11. What is the units digit of j?
7
Let u be ((-3)/(-1))/(-3) + 4. Suppose 2*j - u + 1 = -4*b, -3*j + 2*b + 3 = 0. What is the units digit of j?
1
Suppose 3*x + 10 = x. Let w(t) = -t - 2. What is the units digit of w(x)?
3
Suppose 4*n + 18 = -2*h, 2*h + 0*h + 18 = -5*n. What is the tens digit of h/(-12)*(24 - 0)?
1
Let j be -2*((-9)/2 + 1). Suppose j = 4*c - 13. Suppose r + 32 = c*r. What is the units digit of r?
8
Let d(c) = c**2 + 4*c - 2. Let b be d(-5). Suppose -b + 7 = z. What is the units digit of z?
4
Suppose -5*k + 2 = 2*h - 6, -4*h = 5*k - 16. Let t(a) = 3*a**3 - 3*a - h*a**3 + 2*a + 5*a**2. What is the tens digit of t(4)?
1
Let j be 1 + -2 + -5 + 2. Let y = 12 + j. Suppose -3*t + y = t. What is the units digit of t?
2
Let y be 37 - 1/(3/6). Let s = -23 + y. What is the units digit of s?
2
Let k = 32 + -10. What is the units digit of k?
2
Let o(d) = -29*d - 9. What is the tens digit of o(-3)?
7
Let m be (-2)/3 - (-64)/24. Suppose -m*d + 7*d - 25 = 0. What is the units digit of d?
5
Suppose 3*x + 11 = c, c - 14 + 1 = 4*x. What is the units digit of 21 + (-2)/x + -2?
0
Let b = -19 + 69. What is the units digit of b?
0
Suppose -88 = n - 4*n - 2*h, -5*n + 2*h + 152 = 0. What is the units digit of n?
0
What is the units digit of 76/57 - (803/3)/(-1)?
9
Let f(b) be the third derivative of -b**7/5040 - b**6/720 + b**5/60 - 2*b**2. Let d(z) be the third derivative of f(z). What is the units digit of d(-7)?
6
Let k = -22 + 26. Let q(g) = -g**3 - 6*g**2 + 2. Let y be q(-6). What is the units digit of -1 + (k/y - -3)?
4
Let r = 173 - 86. What is the tens digit of r?
8
Let x = 4 - -36. What is the tens digit of x?
4
Suppose 4 = -2*l - 6. What is the units digit of 2 - (2 + -1)*l?
7
Let u = 7 + -5. Let v be u + -2 - (1 + 0). What is the tens digit of ((-14)/8)/(v/12)?
2
Let r(f) = -f. Let j(i) = -2*i**2 - i + 2. Let l(x) = -j(x) + 2*r(x). Let y be l(-2). Let s(c) = c + 6. What is the units digit of s(y)?
4
Suppose -5*q + 6 = -2*q. Let s = 17 + q. What is the units digit of s?
9
Let w(j) = -2*j**2 - j**3 + j + 5*j**2 + 4*j + 3. What is the units digit of w(4)?
7
Suppose 32 = 4*w - 4*l - 8, 34 = 3*w - 4*l. Suppose 3*p = w*p - 9. What is the units digit of p?
3
Suppose 9*h - 597 - 636 = 0. What is the units digit of h?
7
Suppose 4 - 6 = -3*o + c, -5*c = 2*o + 10. Suppose 3*j - 12 - 36 = o. What is the tens digit of j?
1
Let r = 9 - 5. Suppose -r*w = w. Suppose 5*d = -2*s + 55, -4*d + d + s + 22 = w. What is the units digit of d?
9
Let i = 214 - 132. What is the tens digit of i?
8
What is the tens digit of 4/22 + (-21280)/(-209)?
0
Suppose 2 = 2*d + 4*y, y = d - 4*d - 7. Let m = 16 + d. Let c = -9 + m. What is the units digit of c?
4
What is the units digit of (1 + 4)*(1 + 4)?
5
Let g(x) = x**3 - 5*x**2 - 4*x + 6. Let o be g(5). Suppose 0*i - 8 = i. Let u = i - o. What is the units digit of u?
6
Let h = -9 - -20. What is the tens digit of h?
1
Let n(y) = -73*y - 13. What is the hundreds digit of n(-3)?
2
Let f be (1 - 2) + 0/(-7). Let k(l) = -36*l - 2. What is the units digit of k(f)?
4
Let z(l) = 2 + 0 + 4*l - 3*l**2 - 2*l + l**3. Let o = -9 - -12. What is the units digit of z(o)?
8
Suppose -2*w = -w - 14. What is the tens digit of w?
1
Suppose -7*b + 3*b = -8. Suppose -4*d = -5*j + 33, 23 = b*j + 3*j + d. What is the units digit of j?
5
Let k = 18 - 5. What is the tens digit of k?
1
Suppose 0 = 5*s - 47 - 23. What is the units digit of 1/(-2 + s/6)?
3
What is the units digit of 13/(4*(-2)/(-8))?
3
Suppose 5*c = 2*c + 18. What is the units digit of c?
6
Suppose -3 = -2*z - 3*u, -4*z + 3*z - 3*u = 0. What is the units digit of ((-6)/5)/(z/(-15))?
6
Suppose 16 = y - 2*g + 5, 20 = 4*y + 4*g. Suppose c = y + 7. What is the tens digit of c?
1
Suppose -4*i + 0*x = 2*x - 4, 2*i + 3*x = 2. Let s = 2 + i. What is the tens digi